16. Suppose -v*p + 46717 = -5*g + 18010, -71710 = -5*p + g. Is p a composite number?
False
Let o = -32 + -27. Let b = -49 - o. Is (-4778)/5*(-25)/b*1 composite?
False
Suppose -8 = 4*a, y - 2448 = 4*y - 3*a. Let k be -3 + y/(-3) + 2/(-3). Suppose -47 + k = 2*f. Is f prime?
False
Suppose 12*g - 8 = 10*g. Suppose g*u + 1 = 21. Suppose -u*h = -4*l - 11665, -2*l + l = -4*h + 9332. Is h a prime number?
True
Suppose z - 3 = 0, 42*z = -2*k + 46*z + 44806. Is k a prime number?
True
Suppose 13*a - 78751 + 18808 = 0. Suppose 3*v - p - 1609 = 1848, -4*v + p = -a. Is v a prime number?
False
Let f(w) = w**3 + 13*w**2 - 12*w. Let j be f(-14). Let u = 31 + j. Is ((-751)/u)/(5/15*-1) composite?
False
Suppose -2*k - 2*v = 6, -4*k = v + 1 - 4. Suppose 0 = k*w - 3*w + 9. Is 509/4 + w/(-36) composite?
False
Suppose 0 = 134*u + 56*u - 172742624 - 49861566. Is u a composite number?
False
Let h(v) = -12*v - 67. Let d(c) = 119*c - 38 - 30 - 132*c. Let w(g) = -7*d(g) + 6*h(g). Is w(27) prime?
True
Let x = -176906 + 294533. Is x a prime number?
False
Let r = 6920 - -8712. Let g = 22727 - r. Suppose -2*s = 3*y - 0*y - 21265, s + g = y. Is y a composite number?
True
Let h = 4526 + 1908. Suppose -y + 1775 + h = 0. Is y a prime number?
True
Let w = -103 - -97. Let f be (2/w)/(((-10)/15018)/5). Let u = f - 554. Is u composite?
False
Let c(s) = 56*s**2 + 68*s - 821. Is c(-30) a composite number?
True
Let c(y) = 7574*y - 3195. Is c(23) a prime number?
True
Is (7468/(-6))/(236/(-63366)) composite?
True
Let n(u) = 2*u**3 + 14*u**2 - 7*u - 5. Let o be n(-10). Suppose -10*t + 2106 = -9554. Let i = t + o. Is i a prime number?
True
Let w(h) = -2*h - 20. Let v be w(-11). Suppose k = -v + 4. Suppose -3*l - k*l = -a + 646, 4*a = 3*l + 2533. Is a a prime number?
True
Suppose 117*c - 66912 = 23061. Is c composite?
False
Let t(o) = 45*o**3 - 4*o**2 + 15*o - 9. Let j(p) = 89*p**3 - 7*p**2 + 29*p - 17. Let m(k) = -6*j(k) + 11*t(k). Is m(-4) composite?
False
Suppose 40*n - 5*n - 1833746 + 453311 = 0. Is n a composite number?
True
Let z(f) = -2064*f**2 + 4*f + 5. Let q be z(-1). Let g = q + 4720. Is g prime?
True
Suppose 5*a + 2452 + 2603 = 0. Suppose 5*c = 22*g - 26*g + 7616, 0 = -4*g + c + 7616. Let q = g + a. Is q a prime number?
False
Let m(b) = -378*b - 2 - 2 - 998*b - 18. Let g be m(-8). Is (-14)/(-49) - g/(-14) prime?
False
Suppose 2*w + 436 = -728. Let h = w + 871. Suppose 7*y - h = -44. Is y a composite number?
True
Let o(n) = 303*n + 4. Let h be o(4). Let a = h - 715. Is a a composite number?
True
Suppose 18*a = -18*a + 10224. Suppose 276*w = a*w - 9448. Is w a composite number?
False
Is 1 - ((-1380041)/4 - 6/24*-1) composite?
False
Suppose -385*g + y - 206665 = -390*g, -g + 41333 = 5*y. Is g a composite number?
False
Suppose -27*c = -20*c + 7. Is 43918/15 + c - (-74)/555 a prime number?
True
Is (-239534)/(-16) - 18/(-144) a prime number?
False
Let s(q) = -q. Let r(v) = 8*v + 35. Let m(n) = -r(n) - 6*s(n). Let j be m(-19). Suppose 2174 = 4*p - j*p. Is p composite?
True
Suppose 4 = 5*x - 6*x. Let o be x + (-4)/(-6)*18492. Suppose -5*z - 4934 = -o. Is z a composite number?
True
Is (-301)/(-70) + -4 - (-567734)/20 a prime number?
True
Suppose 7*t = -2*j + 2*t + 26, j + 4*t = 10. Let w(p) = 114*p + 45*p - 29 + 1 - j*p. Is w(7) composite?
True
Suppose 10*i - 10 = 60. Suppose -i*o + 6063 = -90. Is o a prime number?
False
Let p = -352 + 589. Suppose 5*a - a - 8 = 0. Suppose a*z - p = -z. Is z composite?
False
Suppose -4*z - 12 = -5*h, 3*h + 2 = -z + 16. Suppose -2*f = 6 - 0, -7389 = -z*u + 5*f. Is (-2)/((-18)/u) - 4/6 composite?
False
Suppose -13 = -4*n + h + 4*h, -16 = -n - 3*h. Let m = n + -9. Let s(j) = 72*j**2 - j + 3. Is s(m) a composite number?
False
Let p be 4/(-26) - (-534)/(-78). Let l(k) = k**3 + 6*k**2 - 7*k + 3. Let m be l(p). Suppose m*c + 19 = 64. Is c composite?
True
Let u(s) = 5523*s - 89. Is u(8) prime?
False
Suppose 49999 = 7*u - 12*u - i, -5*u + 3*i = 50003. Let j = u + 27867. Is j composite?
True
Suppose -107*r + 181*r = 179*r - 27702045. Is r prime?
False
Let t(r) = -r**3 - 31*r**2 - 20*r - 38. Let c be t(-31). Suppose -19*p - c = -21*p. Is p composite?
True
Let c be -4 - (186/(-26) + 6/39). Suppose 0 = c*h, -2*y + 3*h = -5832 - 4298. Is y a composite number?
True
Suppose -511*n + 243*n = -254*n - 4515154. Is n composite?
True
Let y = 246 + -242. Suppose y*x + 7113 = 7*x. Is x a prime number?
True
Suppose 12*s = -17 - 55. Is 11649/(-1)*(-2 - 10/s) a prime number?
False
Suppose 2*b - 13*a - 310321 = -10*a, 5*b - 5*a = 775810. Is b composite?
True
Let s(c) = -59*c**3 - 5*c**2 + 9*c - 16. Let g(n) = -58*n**3 - 4*n**2 + 10*n - 17. Let l(t) = -5*g(t) + 4*s(t). Is l(3) composite?
True
Let a(r) = -68*r**3 + r**2 - 7*r - 10. Let o be a(-5). Suppose o = 6*k - 43944. Is k a composite number?
True
Is (-3)/(-4)*(-46 - -19914) a prime number?
False
Suppose -16*k = -32967 + 4503. Is k composite?
True
Is -8 - (-129)/(2/472*4) composite?
False
Suppose -1548336 = t - 6*t - d, -4*d + 1238672 = 4*t. Is t composite?
False
Suppose i = -4, 2*n + 5*i = -3739 - 1363. Let y = 6382 + n. Is y a prime number?
False
Let i = 112 + -114. Let a be 7430 + (-4)/(-6)*(-9)/i. Suppose -3*m - a = -3*p + m, 2*m = 3*p - 7441. Is p prime?
False
Let r(o) = -7 - 22*o + 9*o + o - 89*o**2 + 238*o**2. Is r(-10) a prime number?
True
Suppose 1872344 = -7*y + 33*y - 18*y. Is y a prime number?
True
Suppose 7*g - 2*g = 5*h - 95, -4*g = -2*h + 38. Let a = -16 + h. Is 6/a*(-341)/(-2) a prime number?
False
Suppose k - 2*g - 73 = 0, 5*g + 139 + 79 = 3*k. Let b = k - 75. Is 6*b/(-60) + 3713/5 composite?
False
Let m = 662 + -89. Let t be (2/2)/(1897/5628 + (-8)/24). Let c = m - t. Is c composite?
True
Let m be 3/2*(5 + -4 - -1). Suppose 0 = m*c + w + 2*w - 9441, -9413 = -3*c + 4*w. Is c a composite number?
True
Is ((-306)/561 + (-17)/(-11))*71623 prime?
False
Let t = -787498 + 1591359. Is t a composite number?
True
Suppose 5*u - 57814 = -4*q, 579*q - 14491 = 578*q + 5*u. Is q a prime number?
True
Suppose 4*n = -3*j - 982 + 6378, 1349 = n - 4*j. Suppose 3*q - 1540 - n = 0. Let h = 124 + q. Is h prime?
True
Let r = -118908 - -254898. Suppose 0 = -24*j + 6*j + r. Is j a composite number?
True
Let g(s) = 8*s - 46. Let d = -104 - -111. Let o be g(d). Is (174/o)/(2/10) composite?
True
Let h = 419 + -552. Is (-44303)/h + -4 + 2/(-19) composite?
True
Let p be 1 - ((-6)/10)/(11/55). Suppose -p*g + 3803 + 1265 = 0. Is g composite?
True
Let x be -1 - (1 + 0 + 2916 + -3). Let w = 4304 + x. Suppose 0 = -5*j + 616 + w. Is j prime?
True
Let l = -9472 + 5725. Let u = l + 5896. Let v = u + -1158. Is v composite?
False
Let i(j) be the third derivative of 7/12*j**4 - 26*j**2 + 0*j - 19/2*j**3 + 0. Is i(16) prime?
True
Suppose 21265 = a - 2*g - 454, g = -5*a + 108628. Suppose -5*f = 4*u - 21719, 0 = 4*u + 14*f - 15*f - a. Is u composite?
False
Suppose 3*y - 2055 = -c, 0*c + c - 3*y - 2079 = 0. Suppose 5*t - c = -22. Is t composite?
False
Let y(s) = -s**2 + 6*s + 3. Let r be y(6). Suppose 14 = r*k - d, -2*d = -k - 2 + 5. Suppose -6*l + k*a = -4*l - 422, 0 = -4*l + a + 808. Is l prime?
False
Let i(l) = 2*l**3 - 15*l**2 - 10*l + 20. Let n be i(8). Is n + (-11)/2 - 6940/(-8) a prime number?
False
Let n(j) = 177*j**3 + j**2 - 4*j + 4. Let t be n(3). Let b be t/50 + (-24)/(-10) + -2. Let d = b - -593. Is d composite?
True
Suppose 5*x + 4*j - 272 = 2*j, 4*x - 4*j - 212 = 0. Suppose -466171 - 32735 = -x*p. Is p a prime number?
True
Suppose 5*x = 3*z - 0*z - 35, 29 = 3*z + x. Let v(b) = 3*b - 23. Let g be v(z). Suppose 0 = -2*w + 3*n - g*n + 510, -n + 755 = 3*w. Is w a composite number?
False
Is (-13858876)/(-48) + 1/4 - 18/(-108) a prime number?
False
Suppose -9 = -8*p - 33. Is 61005/28 + p/(-12) a prime number?
True
Let u = 48 - 45. Let t(b) = b**3 - u*b**2 - 37 + 13 + b**2. Is t(9) prime?
False
Let k = -1412 + 514. Let s = 511 - k. Is s prime?
True
Let j be 2585/(-5)*3/(-1). Suppose -s + 2*m + 1548 = 0, 0*m + m = s - j. Suppose 0 = -4*l + 10*l - s. Is l a composite number?
True
Suppose 19468 + 35598 = 2*g. Is g composite?
True
Let s = -17647 - -31610. Is s a prime number?
True
Let r(q) = 64*q**2 + 215*q - 3681. Is r(134) composite?
True
Suppose 3*s + 39 = -10*s. Let j(a) = -3746*a + 13. Is j(s) a composite number?
False
Suppose 0 = f + 1, f + 23